{"id":898,"date":"2018-06-28T16:44:08","date_gmt":"2018-06-28T19:44:08","guid":{"rendered":"https:\/\/isbapierini-cba.infd.edu.ar\/sitio\/plan-de-estudios-2\/"},"modified":"2026-02-08T22:38:59","modified_gmt":"2026-02-09T01:38:59","slug":"plan-de-estudios-2","status":"publish","type":"page","link":"https:\/\/isbapierini-cba.infd.edu.ar\/sitio\/plan-de-estudios-2\/","title":{"rendered":"TECNICATURA SUPERIOR EN ARTES VISUALES"},"content":{"rendered":"\n<h3 class=\"wp-block-heading\"><span style=\"color: #800080;\">NUEVO PLAN DE ESTUDIOS RESOLUCION: N 645\/2023<\/span><\/h3>\n\n\n\n<div class=\"wp-block-group is-nowrap is-layout-flex wp-container-3\">\n<div class=\"wp-block-columns is-layout-flex wp-container-2\">\n<div class=\"wp-block-column is-layout-flow\" style=\"flex-basis:130%\">\n<p class=\"has-text-align-center has-base-3-color has-text-color has-background has-large-font-size\" style=\"background-color:#af0000\">La Tecnicatura Superior en Artes Visuales es una carrera de nivel superior de tres a\u00f1os de duraci\u00f3n. Brinda una formaci\u00f3n orientada a la creaci\u00f3n, producci\u00f3n y gesti\u00f3n de proyectos art\u00edsticos, integrando lenguajes visuales tradicionales y nuevas tecnolog\u00edas. Habilita para desempe\u00f1arse en \u00e1mbitos culturales, creativos y de servicios vinculados a las artes visuales, tanto en instituciones p\u00fablicas y privadas como en proyectos independientes.<\/p>\n<\/div>\n<\/div>\n<\/div>\n\n\n\n<ul>\n<li class=\"has-medium-font-size\"><b>Duraci\u00f3n de la carrera 3 a\u00f1os<\/b><\/li>\n\n\n\n<li class=\"has-medium-font-size\"><strong>Modalidad de la<\/strong> <strong>cursada: Combinada<\/strong><\/li>\n\n\n\n<li class=\"has-medium-font-size\"><strong>Ciclo proped\u00e9utico: Seminario de ingreso a la Educaci\u00f3n Superior (obligatorio).<\/strong><\/li>\n<\/ul>\n\n\n\n<p><b>REQUISITOS DE INGRESO:&nbsp;<\/b><b>Secundario completo, o dentro de las resoluciones 25\/02 y 412\/10 del ministerio de educaci\u00f3n de la Pcia. de C\u00f3rdoba o aquellas que modifiquen o reemplacen<\/b><\/p>\n\n\n\n<p><em><b>PERFIL PROFESIONAL<\/b><\/em><\/p>\n\n\n\n<p class=\"has-black-color has-text-color\"><span style=\"color: #993366;\"><b>EL T\u00c9CNICO EN ARTES VISUALES EST\u00c1 CAPACITADO PARA:<\/b><\/span><\/p>\n\n\n\n<ul>\n<li><b>&nbsp;<\/b><b>Producir, ejecutar y dirigir proyectos art\u00edsticos vinculados a las artes visuales y a la cultura, en forma independiente y\/o en equipos interdisciplinarios.<\/b><\/li>\n\n\n\n<li><b>Desarrollar su trabajo de manera creativa, manejando criterios y herramientas espec\u00edficas de las artes visuales, <\/b><strong><b>a<\/b>decuando<\/strong> <strong>tecnolog\u00edas con actitud emprendedora e innovadora<\/strong>.<\/li>\n\n\n\n<li><b>Actuar comprometidamente con el medio y el contexto real pensando en la&nbsp;<\/b><b>sustentabilidad<\/b><b>&nbsp;como punto de partida.<\/b><\/li>\n\n\n\n<li><b>Conjugar procedimientos de las artes pl\u00e1stico-visuales con las nuevas tecnolog\u00edas digitales,<\/b><b>&nbsp;conforme a criterios profesionales del \u00e1rea art\u00edstica cultural.<\/b><\/li>\n\n\n\n<li><b>Acompa\u00f1ar la gesti\u00f3n y\/o realizar&nbsp;<\/b><b>la gesti\u00f3n de la obra art\u00edstica<\/b><b>&nbsp;considerando la problem\u00e1tica de la inserci\u00f3n de \u00e9sta en el medio, p<\/b><b>romoviendo su circulaci\u00f3n.&nbsp;<\/b><\/li>\n\n\n\n<li><b>&nbsp;Apostar a la investigaci\u00f3n permanente, capacitaci\u00f3n cont\u00ednua emn v\u00ednculo con sus intereses artisticos profesionales.<\/b><\/li>\n\n\n\n<li><b>&nbsp;Crear contenido audiovisual para la diversidad de escenarios y p\u00fablico.<\/b><\/li>\n\n\n\n<li><b>Potenciar la identidad cultural y regional a traves de sus proyectos y actuaciones profesionales<\/b><\/li>\n<\/ul>\n\n\n\n<p><span style=\"color: #993366;\"><b>\u00c1REA OCUPACIONAL<\/b><\/span><b><\/b><\/p>\n\n\n\n<ul>\n<li><b>El T\u00e9cnico Superior en Artes Visuales podr\u00e1 acceder a puestos laborales en organizaciones privadas o p\u00fablicas, y en diferentes empresas: centros de digitalizaci\u00f3n de la imagen e impresi\u00f3n digital, centros culturales, museos y galer\u00edas de arte, entre otros.<\/b><\/li>\n\n\n\n<li><b>&nbsp;Tambi\u00e9n podr\u00e1 ocupar puestos en las diferentes \u00e1reas de dichas empresas: gerencial, administrativa, financiera, comercializaci\u00f3n, planeaci\u00f3n, producci\u00f3n.<\/b><\/li>\n\n\n\n<li><b>&nbsp;Entre sus principales \u00e1reas de desarrollo profesional, se encuentran:<\/b>\n<ul>\n<li><b>&nbsp;Empresas relacionadas con el servicio cultural y turismo local.<\/b><\/li>\n\n\n\n<li><b>&nbsp;Empresas de gesti\u00f3n de eventos art\u00edsticos y desarrollo creativo.<\/b><\/li>\n\n\n\n<li><b>&nbsp;Instituciones sin fines de lucro, como centros culturales, museos, secretar\u00edas de cultura, galer\u00edas de arte, salones, etc.<\/b><b>&nbsp;<\/b><\/li>\n\n\n\n<li><b>Instituciones \/ organizaciones p\u00fablicas y privadas cuyo accionar se refiere al desarrollo, y promoci\u00f3n de la actividad cultural vinculada a las artes visuales.<\/b><\/li>\n\n\n\n<li><b>Generar y dirigir su propio emprendimiento.<\/b><\/li>\n<\/ul>\n<\/li>\n<\/ul>\n\n\n\n<p class=\"has-text-align-center has-base-3-color has-contrast-3-background-color has-text-color has-background has-medium-font-size\"><em><strong>T\u00edtulos oficiales con validez provincial y nacional.<\/strong><\/em><\/p>\n\n\n\n<p class=\"has-black-color has-text-color has-medium-font-size\"><strong>PLAN DE<\/strong> <strong>ESTUDIOS<\/strong><\/p>\n\n\n\n<figure class=\"wp-block-image size-large\"><img decoding=\"async\" loading=\"lazy\" width=\"1900\" height=\"1046\" src=\"https:\/\/isbapierini-cba.infd.edu.ar\/sitio\/wp-content\/uploads\/2026\/02\/Plan_de_Estudio_Artes-Visuales-1900x1046.png\" alt=\"\" class=\"wp-image-1353\" srcset=\"https:\/\/isbapierini-cba.infd.edu.ar\/sitio\/wp-content\/uploads\/2026\/02\/Plan_de_Estudio_Artes-Visuales-1900x1046.png 1900w, https:\/\/isbapierini-cba.infd.edu.ar\/sitio\/wp-content\/uploads\/2026\/02\/Plan_de_Estudio_Artes-Visuales-1000x551.png 1000w, https:\/\/isbapierini-cba.infd.edu.ar\/sitio\/wp-content\/uploads\/2026\/02\/Plan_de_Estudio_Artes-Visuales-768x423.png 768w, https:\/\/isbapierini-cba.infd.edu.ar\/sitio\/wp-content\/uploads\/2026\/02\/Plan_de_Estudio_Artes-Visuales-1536x846.png 1536w, https:\/\/isbapierini-cba.infd.edu.ar\/sitio\/wp-content\/uploads\/2026\/02\/Plan_de_Estudio_Artes-Visuales-2048x1128.png 2048w\" sizes=\"(max-width: 1900px) 100vw, 1900px\" \/><\/figure>\n","protected":false},"excerpt":{"rendered":"<p>NUEVO PLAN DE ESTUDIOS RESOLUCION: N 645\/2023 La Tecnicatura Superior en Artes Visuales es una carrera de nivel superior de tres a\u00f1os de duraci\u00f3n. Brinda una formaci\u00f3n orientada a la creaci\u00f3n, producci\u00f3n y gesti\u00f3n de proyectos art\u00edsticos, integrando lenguajes visuales tradicionales y nuevas tecnolog\u00edas. Habilita para desempe\u00f1arse en \u00e1mbitos culturales, creativos y de servicios vinculados &#8230; <a title=\"TECNICATURA SUPERIOR EN ARTES VISUALES\" class=\"read-more\" href=\"https:\/\/isbapierini-cba.infd.edu.ar\/sitio\/plan-de-estudios-2\/\" aria-label=\"More on TECNICATURA SUPERIOR EN ARTES VISUALES\">[+]<\/a><\/p>\n","protected":false},"author":7,"featured_media":1325,"parent":0,"menu_order":0,"comment_status":"closed","ping_status":"closed","template":"","meta":[],"acf":[],"_links":{"self":[{"href":"https:\/\/isbapierini-cba.infd.edu.ar\/sitio\/wp-json\/wp\/v2\/pages\/898"}],"collection":[{"href":"https:\/\/isbapierini-cba.infd.edu.ar\/sitio\/wp-json\/wp\/v2\/pages"}],"about":[{"href":"https:\/\/isbapierini-cba.infd.edu.ar\/sitio\/wp-json\/wp\/v2\/types\/page"}],"author":[{"embeddable":true,"href":"https:\/\/isbapierini-cba.infd.edu.ar\/sitio\/wp-json\/wp\/v2\/users\/7"}],"replies":[{"embeddable":true,"href":"https:\/\/isbapierini-cba.infd.edu.ar\/sitio\/wp-json\/wp\/v2\/comments?post=898"}],"version-history":[{"count":12,"href":"https:\/\/isbapierini-cba.infd.edu.ar\/sitio\/wp-json\/wp\/v2\/pages\/898\/revisions"}],"predecessor-version":[{"id":1358,"href":"https:\/\/isbapierini-cba.infd.edu.ar\/sitio\/wp-json\/wp\/v2\/pages\/898\/revisions\/1358"}],"wp:featuredmedia":[{"embeddable":true,"href":"https:\/\/isbapierini-cba.infd.edu.ar\/sitio\/wp-json\/wp\/v2\/media\/1325"}],"wp:attachment":[{"href":"https:\/\/isbapierini-cba.infd.edu.ar\/sitio\/wp-json\/wp\/v2\/media?parent=898"}],"curies":[{"name":"wp","href":"https:\/\/api.w.org\/{rel}","templated":true}]}}