{"id":867,"date":"2018-06-28T16:44:02","date_gmt":"2018-06-28T19:44:02","guid":{"rendered":"https:\/\/isbapierini-cba.infd.edu.ar\/sitio\/curso-habilitado-en-la-especialidad-tejido\/"},"modified":"2024-04-29T10:13:55","modified_gmt":"2024-04-29T13:13:55","slug":"curso-habilitado-en-la-especialidad-tejido","status":"publish","type":"page","link":"https:\/\/isbapierini-cba.infd.edu.ar\/sitio\/curso-habilitado-en-la-especialidad-tejido\/","title":{"rendered":"Taller de Tejido"},"content":{"rendered":"<p><span style=\"color: #808080; font-family: 'comic sans ms', sans-serif; font-size: 12pt;\"><strong>El taller de Tejido permite al egresado ingresar al mundo de la creatividad a partir de diferentes t\u00e9cnicas,&nbsp; sin dejar de lado la sensibilidad, brind\u00e1ndoles una salida laboral.<\/strong><\/span><\/p>\n<p><span style=\"color: #808080; font-family: 'comic sans ms', sans-serif; font-size: 12pt;\"><strong>A los docentes les permite poder implementarlos en las pr\u00e1cticas \u00e1ulicas.<\/strong><\/span><\/p>\n<p><span style=\"color: #808080; font-family: 'comic sans ms', sans-serif; font-size: 12pt;\"><strong><img decoding=\"async\" style=\"display: block; margin-left: auto; margin-right: auto;\" title=\"Textil\" src=\"https:\/\/isbapierini-cba.infd.edu.ar\/sitio\/wp-content\/uploads\/2018\/06\/exposicion_30_anios_de_textil_006_1.jpg\" alt=\"Textil\" border=\"0\"><br \/>\n<\/strong><\/span><\/p>\n","protected":false},"excerpt":{"rendered":"<p>El taller de Tejido permite al egresado ingresar al mundo de la creatividad a partir de diferentes t\u00e9cnicas,&nbsp; sin dejar de lado la sensibilidad, brind\u00e1ndoles una salida laboral. A los docentes les permite poder implementarlos en las pr\u00e1cticas \u00e1ulicas.<\/p>\n","protected":false},"author":7,"featured_media":0,"parent":0,"menu_order":0,"comment_status":"closed","ping_status":"closed","template":"","meta":[],"acf":[],"_links":{"self":[{"href":"https:\/\/isbapierini-cba.infd.edu.ar\/sitio\/wp-json\/wp\/v2\/pages\/867"}],"collection":[{"href":"https:\/\/isbapierini-cba.infd.edu.ar\/sitio\/wp-json\/wp\/v2\/pages"}],"about":[{"href":"https:\/\/isbapierini-cba.infd.edu.ar\/sitio\/wp-json\/wp\/v2\/types\/page"}],"author":[{"embeddable":true,"href":"https:\/\/isbapierini-cba.infd.edu.ar\/sitio\/wp-json\/wp\/v2\/users\/7"}],"replies":[{"embeddable":true,"href":"https:\/\/isbapierini-cba.infd.edu.ar\/sitio\/wp-json\/wp\/v2\/comments?post=867"}],"version-history":[{"count":4,"href":"https:\/\/isbapierini-cba.infd.edu.ar\/sitio\/wp-json\/wp\/v2\/pages\/867\/revisions"}],"predecessor-version":[{"id":1205,"href":"https:\/\/isbapierini-cba.infd.edu.ar\/sitio\/wp-json\/wp\/v2\/pages\/867\/revisions\/1205"}],"wp:attachment":[{"href":"https:\/\/isbapierini-cba.infd.edu.ar\/sitio\/wp-json\/wp\/v2\/media?parent=867"}],"curies":[{"name":"wp","href":"https:\/\/api.w.org\/{rel}","templated":true}]}}